- 36. Let a be w(-25). Suppose a*d = 415*d - 16. Calculate the highest common factor of 464 and d.
16
Let k be 265/2*(-16)/(-10). Suppose 5*n + 2*o - k = o, -3*n + o + 124 = 0. Let i = n + -28. What is the greatest common divisor of i and 42?
14
Suppose -3*h - 3*h + 4652 = 4*j, 3501 = 3*j + 3*h. Calculate the greatest common factor of 125 and j.
25
Let a = 360 - 356. Suppose 3*v - a*t - 35 = 0, 31*t - 10 = -v + 34*t. Calculate the greatest common factor of v and 65.
13
Suppose 35*l + 86*l - 110352 = 0. What is the greatest common divisor of 32 and l?
16
Suppose 3*n - 27801 = -3*w, -3*w + n = 10991 - 38784. Suppose w = -2*g + 29297. Let x be g/40 - (-6)/(-15). Calculate the highest common divisor of x and 25.
25
Suppose -z + 411*m - 408*m = -4, z - 2*m = 11. Calculate the greatest common divisor of z and 395.
5
Let n(h) = -h**2 - 37*h + 913. Let g be n(-49). What is the highest common divisor of 475 and g?
25
Let j = -1215 + 1271. What is the highest common divisor of 2632 and j?
56
Let d(s) = s**3 + 3*s**2 - 6*s - 1. Let l be d(-4). Let i = l + 0. Let h = 2722 - 2701. Calculate the highest common divisor of h and i.
7
Suppose -17863 - 3653 = -2*o + 2*m, -5*m + 64482 = 6*o. Calculate the highest common divisor of 84 and o.
84
Let x = -322 - -326. Suppose -5*v - g = -174, 3*v = 3*g - 0*g + 108. Suppose 37 = x*c - v. What is the greatest common divisor of c and 45?
9
Let s(r) = -r**3 - r**2 - 7*r - 108. Let z be s(-5). Let j(i) = i + 53*i**3 - 4 - 16*i**3 + 3. Let x be j(2). Calculate the greatest common divisor of x and z.
27
Suppose -39*c + 71808 = 29*c. Calculate the highest common divisor of c and 384.
96
Suppose -76008 = -349*i - 6208. Calculate the greatest common factor of i and 12.
4
Suppose 16*x + 8207 - 48945 - 33022 = 0. Calculate the highest common divisor of x and 5.
5
Suppose 3*y = -5*y + 6720. Suppose 4*w = -w + y. What is the greatest common divisor of w and 21?
21
Let b(a) = -a + 26. Let g be b(14). Suppose 208 = -4*t + g*t. Let q = t + -20. What is the greatest common factor of 6 and q?
6
Let x(w) = -w + 35. Let y be x(13). Suppose 0 = -2*z - y - 66. Let v = -2 - z. What is the greatest common factor of 14 and v?
14
Suppose 83*o - 13156 = -60*o. Calculate the highest common divisor of o and 5428.
92
Suppose 5*a - 1853 - 992 = -5*p, 0 = -4*a - 5*p + 2269. Calculate the greatest common factor of 156 and a.
12
Let u(m) = -m**2 - 3*m + 5. Let s be u(-3). Let r be -1 - s*-7*3. Let j be (-2 - (-10)/4)*(-75 - -91). Calculate the highest common divisor of j and r.
8
Let t be 22/(-110) - (955/(-25) + -4). What is the greatest common divisor of t and 2562?
42
Let x be ((-3)/6)/((-1)/6). Let t = -4222 - -4225. What is the greatest common factor of t and x?
3
Let m(s) = -3*s**3 + 67*s**2 + 51*s - 49. Let k be m(23). Let y be (5 - 0)/((-1)/(-22)). Calculate the greatest common divisor of y and k.
22
Let r(n) = -n**3 + 42*n**2 + 56*n - 299. Let y be r(43). Calculate the highest common divisor of 100 and y.
20
Let o be 68/(-6)*(-594)/44. Calculate the greatest common factor of o and 369.
9
Let j = 335 - 154. Let d = -149 + j. Let g be (3/(-3) - -2)*32. What is the highest common factor of d and g?
32
Let w = 294 + -364. Let c = 134 + w. Calculate the highest common divisor of c and 576.
64
Suppose 26*b = 97003 + 57333. What is the greatest common factor of b and 112?
112
Let k = -16 - -25. Let y be k/2*(-20)/(-30). Let v = 309 + -276. Calculate the highest common factor of y and v.
3
Suppose 113 + 347 = 2*m. Suppose 4*o + 3*q - q - m = 0, o - 5*q = 85. Calculate the highest common divisor of o and 330.
30
Suppose 3*o = -2*c + 374, -2*o - 4*c + 54 + 182 = 0. Suppose -50 + o = n. Calculate the highest common factor of 26 and n.
26
Suppose -6 = j - 5*f, -2*j + 0*j + 14 = 3*f. Suppose 982 = j*p + 5*y - 0*y, -p = y - 245. Calculate the highest common factor of p and 9.
9
Suppose -82*x - 1782*x + 7701*x - 1057050 = -93945. Let a(l) = l + 297. Let h be a(0). Calculate the highest common divisor of h and x.
33
Suppose -4*g = 2*g - 30. Let i be 15*g*(-8)/(-10). Let n be 0 + -2 - (-17 + -5). Calculate the highest common factor of i and n.
20
Suppose -5*w - 5*z + 680 = 0, 51*w - 95*w = -3*z - 5984. Suppose 3*k = -0*k + 153. Calculate the highest common factor of w and k.
17
Suppose 270 = 59*k - 49*k. Suppose -y + 2*f = 4*f - 32, -5*y = -f - 182. Calculate the greatest common factor of k and y.
9
Suppose 2473 = 5*g + j - 377, -4*j = g - 570. What is the highest common divisor of g and 12730?
190
Suppose -28*x + 41 = -99. Suppose 1996 = 5*u - 4*j, 807 - 35 = 2*u + x*j. Calculate the greatest common divisor of 72 and u.
36
Let k = -1024 - -1164. What is the greatest common factor of k and 740?
20
Let f(z) = -9*z - 12. Let h(r) = 18*r + 25. Let c(d) = -14*f(d) - 6*h(d). Let u be c(1). What is the greatest common divisor of 63 and u?
9
Let c = -40 - -56. Let h = 106 - 26. Suppose 6*q - 112 - h = 0. Calculate the highest common factor of q and c.
16
Suppose 3*c + 4*d - 397 = 0, -377 = -5*c + 3*d + 304. Calculate the highest common factor of c and 279.
9
Let n(i) = -404*i + 4646. Let w be n(8). Calculate the greatest common divisor of 224 and w.
14
Let w be (-4)/3*(-438)/4. Let n be w + 1/(-1)*2. Let p = 12471 - 12455. What is the greatest common factor of p and n?
16
Let h(f) = 248*f + 1048. Let w be h(15). Calculate the greatest common divisor of 32 and w.
32
Let b(u) = -u**3 - 16*u**2 + 20*u + 60. Let d be b(-14). Let p = -387 - d. What is the greatest common divisor of 9 and p?
9
Let u be (-7)/14 - 9/(-2). Suppose 0 + u = -4*y, 0 = 2*l - 4*y - 100. Suppose 226*w - 245*w = -228. What is the greatest common factor of w and l?
12
Let m be 99/22 + (25/10 - 3). What is the highest common factor of 256 and m?
4
Let s(o) be the third derivative of -o**4/3 - o**3/2 + 15*o**2. Let v be s(-7). Let d = 62 - v. What is the highest common divisor of d and 99?
9
Suppose 3*f - 24 = -3*a, a - 16 = -11*f + 6*f. Suppose z - 273 = -a*z. Calculate the greatest common divisor of z and 78.
39
Suppose -27*w - 2269239 = -174*w. Calculate the highest common factor of 43 and w.
43
Suppose 355*u = 389*u - 5168. Calculate the highest common factor of 380 and u.
76
Let w(u) = -u**3 - 14*u**2 - 35*u - 17. Suppose 2*z + 6*a + 18 = a, -2*a = -3*z - 46. Let n be w(z). Calculate the highest common divisor of n and 43.
43
Suppose -30*b + 11*b - 38 = 0. Let h be (81 + -34)*(5 + b). What is the highest common divisor of 329 and h?
47
Let i(b) = -26*b + 544. Let h be i(14). Calculate the highest common divisor of h and 3360.
60
Suppose 2*w = -0*w. Suppose w = 4*t - 9 - 91. Suppose 0 = -2*y + o + 29, 2*o + 43 = 7*y - 4*y. What is the greatest common factor of t and y?
5
Let x(y) = 97*y - 7 - 203*y + 85*y**2 + 102*y. Let s be x(-2). What is the greatest common factor of 11 and s?
11
Let t = 2853 + -666. Calculate the greatest common factor of t and 27.
27
Let v be (-2031755)/(-6307) - (-1 + 16/14). What is the highest common divisor of v and 828?
46
Let z(v) = v - 22. Suppose -298 = 25*t - 1298. Let j be z(t). Calculate the highest common factor of j and 48.
6
Suppose 2*x - 3*x = -44. Let v = -15 + 19. Suppose -2*y = -v*y + x. Calculate the greatest common factor of 66 and y.
22
Let d = 13 + -11. Suppose -d = -4*y - 10, 5*g - 5*y = 320. Suppose -63*x = -g*x - 10. Calculate the highest common divisor of 2 and x.
2
Let f be 18/(-8)*1476/(-1107). Calculate the greatest common factor of 6423 and f.
3
Let v be 12 - (7288 + -117)*(0 + -1). What is the greatest common divisor of 22 and v?
11
Let w = -5790 - -5839. Let g(a) = a**3 - 7*a**2 - 3*a + 24. Let u be g(10). Calculate the highest common factor of u and w.
49
Let n be 14*3794/196*36. Calculate the highest common factor of 72 and n.
36
Let s(g) = -5*g + 65. Let a(k) = -6*k + 63. Let y(l) = -6*a(l) + 5*s(l). Let h be y(10). What is the greatest common divisor of 912 and h?
57
Let b(p) = 7*p**2 + 39*p - 1123. Let z be b(32). What is the highest common divisor of z and 22?
11
Let l = -9372 - -21023. Calculate the highest common factor of 61 and l.
61
Let f = 216 + 1233. Calculate the greatest common factor of f and 630.
63
Let q = -760 + 772. Let s be (-3462)/(-18) - 2/q*2. What is the greatest common divisor of 288 and s?
96
Let x be (13/(-4))/